t l = 0 + a. Give h(l).
5
Let q(p) be the first derivative of -p**4/4 + p**3 + p**2 - 3*p + 2. Let f = 3 - 1. Determine q(f).
5
Let s(l) be the second derivative of l**3/6 + 5*l**2/2 + l. Suppose -2*z = -3*k - 2 - 21, -5*k = 5*z + 5. What is s(z)?
9
Let h(d) = 5 - 3 - 5 - 3*d + 6. Let w(s) = -s**3 - 4*s**3 - s**2 + 3 + 4*s**3. Let y be w(0). Determine h(y).
-6
Let d(c) be the first derivative of -8*c**3 + c - 17. Give d(1).
-23
Let w be 2*1*3/(-2). Suppose -h - 4 + 6 = 0. Let j(o) = 0 - o**3 - 5*o + 0 - 3 - 5*o**h + 1. Determine j(w).
-5
Let a be ((-4)/6)/((-2)/(-3)). Let j = -1 - a. Let u(y) = -y**3 - y**2 - y - 8. Calculate u(j).
-8
Let v(i) = i**2 - 218*i - 2 + 229*i - 3. Give v(-11).
-5
Let z(p) = p - 3. Let y(f) = -2*f + 7. Let n(i) = 6*y(i) + 15*z(i). What is n(2)?
3
Let i(h) = -h + 5. Let o(a) = -5*a**3 - 5*a**2 - 8*a - 5. Let f(n) = 3*n**3 + 3*n**2 + 4*n + 3. Let p(q) = -7*f(q) - 4*o(q). Let r be p(-3). What is i(r)?
0
Let b(m) = 41*m**2 - 24*m**2 + 6 + m - 18*m**2. Calculate b(0).
6
Let i(n) be the third derivative of -n**4/8 - n**3/6 - 5*n**2. Let g be 2/(-6) - 13/(-3). Let k be 0 - -1*(g + -2). Give i(k).
-7
Let t(z) = 4*z**2 - 14*z + 10. Let x(g) = 7*g**2 - 27*g + 20. Let j(d) = 5*t(d) - 3*x(d). Calculate j(7).
18
Let g(k) be the third derivative of -k**4/24 + 2*k**3/3 - k**2. What is g(3)?
1
Let g(s) = s - 3*s + 41 - 39 + 0*s. Determine g(3).
-4
Let y(k) = -5*k**2 + 8*k. Let d(q) = 4*q**2 - 7*q. Let r(n) = n**2 - n + 5. Let w be r(0). Let s(v) = w*y(v) + 6*d(v). What is s(-2)?
0
Let o(r) = r**2 - r. Let h be o(0). Let x(l) = -l**2 + 6*l + h + 4 + 1 + 1. Determine x(5).
11
Let n = 1 + 1. Let y(r) = 5 - r - 3*r - n*r + 4*r. What is y(6)?
-7
Let t(d) = -d. Let o be t(-3). Let f(h) = 1 - 4*h + 3 - o. Suppose -5*i + 4*v - 7 - 3 = 0, -3*i = 3*v - 21. Give f(i).
-7
Suppose 0*y - y - 4*i + 13 = 0, -2*y - 7 = -3*i. Let h be (4 - 11)/(y + 0). Let j = -11 - h. Let g(d) = -d**2 - 4*d + 3. Give g(j).
3
Suppose 4*p + 4*n = 0, -5 = -5*p - 3*n - 1. Let j(y) = -y - 2. Let b be j(p). Let f(s) = -s + 2. What is f(b)?
6
Let w = 11 - 8. Let a(o) = 4*o**3 + 6 + 3*o**2 - 3*o**w + 2*o**2. Give a(-5).
6
Let p be 40/12*(-18)/(-15). Let m(l) = -3*l**3 + 2*l**2 + 9*l. Let a(w) = 5*w**3 - 5*w**2 - 17*w. Let b(d) = p*a(d) + 7*m(d). Give b(-5).
0
Let p(x) = 0 - x - 4*x**2 - 5*x**2 - 1 + 8*x**2. What is p(3)?
-13
Let k = -2 - -6. Suppose 1 = -2*j + 3*d, k*d - 6 = -j + 6*j. Let c be (0/(-2))/(-4 - j). Let v(r) = -r**3 - r**2 + r - 6. Determine v(c).
-6
Let a(n) be the second derivative of -n**5/20 - n**4/12 + n**3/6 - n**2 - 2*n. Determine a(0).
-2
Let g(l) = l + 14. Let s be g(-8). Suppose 0 = 2*i + s*x - x - 21, -5*x = -i - 12. Let d(y) = -2*y**2 + y + 4*y**3 + 3*y**i + y**2. What is d(1)?
7
Let i = 8 + -6. Let q(l) = -4 + 1 + 2 - 4*l**i + 2. Let a be 2*(2 + 5/(-2)). Determine q(a).
-3
Let h(l) = -4*l - 2. Let r be h(-2). Suppose r*b = 4*b - 2. Let i(w) = 7*w - 1. Calculate i(b).
-8
Suppose 0 = k - 4*k + 3. Let p(l) = l + 1 + l**2 - 3*l - k - 4. Determine p(4).
4
Let k be (-1 - 0)*10 - -2. Let z = 13 + k. Let w(s) = s**2 - 4*s - 6. Determine w(z).
-1
Suppose 3*m - 2*x = -4*x + 4, 4*m + 10 = 5*x. Suppose 0*n - n = m. Suppose n = 2*u + 3*u. Let q(y) = -y**3 + y**2 - 1. Calculate q(u).
-1
Let u(p) be the first derivative of 1/4*p**4 - 3 + 2/3*p**3 + 1/2*p**2 + 0*p. What is u(-2)?
-2
Suppose -g = 3*g - 4. Let s(h) be the third derivative of h**5/60 - h**4/12 + h**3/6 + 22*h**2. Give s(g).
0
Let v(i) = 2*i**2 + 8*i + 1. Let o(f) = -3*f**2 - 15*f - 2. Let x(s) = -3*o(s) - 5*v(s). What is x(5)?
1
Let j(t) = -t**2 - 7*t - 6. Let d be ((-10)/1*1)/2. Determine j(d).
4
Let v(t) = 7*t**3 + 2*t**2 + 5*t - 5. Let f(i) = -2 - i**3 + 0*i + i**2 + 5*i**3 + 2*i. Let a(j) = 5*f(j) - 2*v(j). Determine a(-1).
-5
Let o(u) = -u**3 - 3*u**2 - 2*u - 2. Let m be o(-2). Let d(r) = r**2 - 2*r - 2. Calculate d(m).
6
Suppose 22*t = 23*t - 7. Let y(n) = -n - 7. Calculate y(t).
-14
Let w = 10 - 5. Let z(u) = 2*u + 2*u + w + 4*u**2 - 3*u**2. Let j be (-14)/3 - 2/(-3). What is z(j)?
5
Let y(m) = -25 + m - 29 + 47. Suppose 0*n = -3*n + 9. Give y(n).
-4
Let q = 5 - 2. Let u(i) = -2*i + 0*i**2 - 3 - i**2 + 5*i. What is u(q)?
-3
Let y(r) = -r + 1. Let o be ((-3)/(-2))/(9/(-24)). Let z = 0 - o. Calculate y(z).
-3
Let r(h) be the first derivative of h**3/3 - 2*h**2 + 4*h + 10. Calculate r(4).
4
Let f(y) = -2*y - 4*y - 2*y + 11*y. Give f(-5).
-15
Let y(i) = i**3 - 4*i**2 - 2*i - 1. Let d(r) = -r - 8. Let t be d(-7). Let k be 0/t - (-75)/15. Calculate y(k).
14
Let d(f) = -f - 2. Let g = 1 + -3. Let o(z) = 4*z + 7. Let r(b) = g*o(b) - 7*d(b). Give r(-1).
1
Suppose 2*t + 4 = -z - 1, -2*t - 7 = -z. Let b(u) = -11*u + 1. Determine b(z).
-10
Let g be (-1)/(-4) - (-14)/8. Let c = 2 + g. Let j(a) = 7*a - 13. Let l(q) = 10*q - 20. Let i(n) = 7*j(n) - 5*l(n). Give i(c).
5
Let t(w) = -w**3 + 6*w**2 + 6*w + 5. Let m be t(7). Let z(y) = y + y**3 - 5*y + 3*y**2 + 13 - 11 + 3*y. Determine z(m).
8
Let x(v) = 3*v**2 + 6*v - 1. Let y(r) = -5*r**2 - 9*r + 2. Let k(f) = -8*x(f) - 5*y(f). What is k(2)?
-4
Let f(b) = 2*b**2 - 9*b - 13. Let y(u) = -u**2 + 4*u + 6. Suppose 5*v + 36 - 1 = 0. Let s(n) = v*y(n) - 3*f(n). What is s(3)?
3
Let g(v) = 3*v - 2. Let x be g(6). Suppose -4*w = -0*w - 3*b + 23, 3*w + x = 2*b. Let u(k) = -2*k - 1. Give u(w).
3
Let z(x) = -x**3 + 3*x**2 - 1. Let s be z(3). Let m(a) = -2*a**3 + a**2 + a. Let q be m(s). Let w(f) = f**3 + 5*f**2 - q - 2*f**3 - f**2. Determine w(4).
-2
Let j(i) = i**2 + i + 1. Let c(l) = -l**3 - l**2 - l - 1. Let k(q) = -c(q) - j(q). Calculate k(-2).
-8
Let d(z) = -2*z + 2. Let o(y) = -y**2 - 10*y - 5. Let t = -4 - 1. Let p = t + -4. Let r be o(p). Determine d(r).
-6
Let j(l) = l**2 - 3*l - 2. Let c = 13 - 13. Suppose 2*i + 1 - 5 = c. What is j(i)?
-4
Let b(o) = o + 1. Suppose -u - 2*v + 2 = 0, 2*v + 9 = 3*u + 5*v. Suppose -x + 9 = 3*a, -u*x - 7 = 3*a - 25. What is b(x)?
4
Let u(w) = -w - 3. Let f(n) = 0*n - 4 - 2*n - 4 + 1. Let b(k) = -6*k**3 + k**2. Let s be b(-1). Let c(d) = s*u(d) - 3*f(d). Give c(-2).
2
Let a(q) = -5*q - 5. Let y(l) = 4*l + 5. Let u = 14 - 10. Let x(v) = u*y(v) + 3*a(v). Give x(-5).
0
Let y(p) = -3 + 4*p + p**2 - 3 + 6 - 3. Calculate y(2).
9
Let t = 6 - 8. Let u(y) be the second derivative of 0 - 1/6*y**3 + 4*y + 0*y**2. What is u(t)?
2
Let b(d) = 7*d**2 + 5*d. Let m(q) = 28*q**2 + 21*q. Let u(f) = -21*b(f) + 5*m(f). Suppose -5*j = -0 - 5. Give u(j).
-7
Let s(k) = -2*k**2 - k + 2*k + k**2 - 2. Suppose -2*b + 0 - 10 = 0. Let z(a) = -a**2 - 1. Let j(o) = b*z(o) + 3*s(o). Give j(-3).
8
Let c(x) = 23*x + 6 - 48*x + 22*x. Calculate c(4).
-6
Let f(p) = p**3 + 3*p**2 + 3*p + 4. Let l = 15 - 11. Let j(q) = -q**2 + 13*q + 3. Let i be j(13). Suppose -a - 4*a = l*o + i, -a = -3*o + 12. Calculate f(a).
-5
Suppose -3*g = -g - 4. Let f(q) = 2*q**g + q + q + 1 + 4*q. Let y = -11 - -7. Give f(y).
9
Let h(r) = 2*r - 2*r - 78 + 83 - 2*r. What is h(-6)?
17
Let y(g) = -2*g - 4. Let u(q) = 2*q + 4. Let l(r) = -5*u(r) - 6*y(r). What is l(-4)?
-4
Let o(s) = -4*s - 1. Let i(z) = -4*z. Let w(x) = -4*i(x) + 5*o(x). Let j(n) = -3*n - 6. Let v = -32 - -29. Let p(t) = v*w(t) + 2*j(t). Calculate p(-2).
-9
Let a(h) = 7*h. Let n(y) = 1. Let l(q) = 2. Let o(k) = 2*l(k) - 3*n(k). Let g(j) = a(j) + o(j). Calculate g(-1).
-6
Let y(b) = -3*b**3 + 9*b**2 - 6*b. Let o(u) = 7*u**3 - 19*u**2 + 12*u + 1. Let l(c) = -2*o(c) - 5*y(c). Determine l(6).
-2
Suppose -z + 6 = 2*z. Let p = z - -3. Let q(a) = -a + 7. Calculate q(p).
2
Let h(f) be the second derivative of -f**6/720 - f**5/20 + f**4/4 - f. Let o(r) be the third derivative of h(r). What is o(-6)?
0
Let z be (-4)/2*(1 - 0). Let r(m) = 2*m**3 + 4*m**2 + 3*m + 2. What is r(z)?
-4
Let j(w) be the third derivative of w**6/20 - w**4/12 + w**3/6 + 3*w**2. What is j(1)?
5
Let w be ((-1)/(-2))/((-3)/54). Let s = -6 - w. Let j(m) = 12*m - 4 + 2 + s. Determine j(-1).
-11
Suppose 3*l - 8 = -l. Let q(p) = -9*p**l - 1 - 1 + 3. Suppose 3*t - y - 6 - 1 = 0, 25 = 5*t - 5*y. Give q(t).
-8
Let r(x) be the third derivative of -x**6/60 + x**5/15 - x**4/12 + x**2. Let o = -54 - -56. Calculate r(o).
-4
Suppose -5*d = -s - 20, 0 = d - 1 - 4. Let h(a) = -3*a + 2*a + 0*a + 6. Give h(s).
1
Let a(j) = -2*j**2 + 8*j + 10. Let y(q) = -5*q**2 + 24*q + 29. Let f(c) = 